re the prime factors of 549306?
2, 3, 30517
List the prime factors of 114704.
2, 67, 107
What are the prime factors of 73511?
19, 53, 73
List the prime factors of 2363289.
3, 17, 149, 311
What are the prime factors of 156191?
7, 53, 421
What are the prime factors of 1516906?
2, 758453
What are the prime factors of 1002285?
3, 5, 22273
What are the prime factors of 2470480?
2, 5, 30881
What are the prime factors of 4324075?
5, 7, 24709
What are the prime factors of 3763370?
2, 5, 13, 28949
List the prime factors of 235095.
3, 5, 7, 2239
List the prime factors of 417041.
79, 5279
What are the prime factors of 16901?
16901
List the prime factors of 3727476.
2, 3, 47, 2203
What are the prime factors of 342197?
342197
What are the prime factors of 1160385?
3, 5, 77359
What are the prime factors of 426766?
2, 213383
What are the prime factors of 139397?
139397
List the prime factors of 882070.
2, 5, 7, 12601
List the prime factors of 4585146.
2, 3, 191, 4001
What are the prime factors of 11355325?
5, 454213
What are the prime factors of 5673869?
17, 333757
What are the prime factors of 1092320?
2, 5, 6827
List the prime factors of 214790.
2, 5, 47, 457
What are the prime factors of 1175001?
3, 23, 17029
List the prime factors of 831780.
2, 3, 5, 4621
List the prime factors of 1291215.
3, 5, 59, 1459
List the prime factors of 401795.
5, 17, 29, 163
What are the prime factors of 3965314?
2, 619, 3203
List the prime factors of 51045.
3, 5, 41, 83
List the prime factors of 10364980.
2, 5, 518249
What are the prime factors of 459688?
2, 37, 1553
What are the prime factors of 924617?
924617
What are the prime factors of 10907338?
2, 13, 419513
What are the prime factors of 10070016?
2, 3, 11, 149
What are the prime factors of 1379334?
2, 3, 11, 20899
List the prime factors of 4631830.
2, 5, 7, 66169
List the prime factors of 5204927.
7, 13, 8171
List the prime factors of 1089333.
3, 7, 17291
List the prime factors of 5226982.
2, 307, 8513
What are the prime factors of 1171485?
3, 5, 7, 3719
List the prime factors of 22324111.
17, 653, 2011
What are the prime factors of 26736872?
2, 179, 18671
List the prime factors of 2053123.
641, 3203
What are the prime factors of 2188896?
2, 3, 151
List the prime factors of 27950.
2, 5, 13, 43
What are the prime factors of 59990?
2, 5, 7, 857
List the prime factors of 114073.
114073
List the prime factors of 464452.
2, 116113
What are the prime factors of 844261?
11, 23, 47, 71
What are the prime factors of 62120?
2, 5, 1553
What are the prime factors of 1093379?
7, 109, 1433
What are the prime factors of 292279?
13, 22483
What are the prime factors of 864894?
2, 3, 47, 3067
What are the prime factors of 5994822?
2, 3, 29, 131, 263
List the prime factors of 3522940.
2, 5, 353, 499
List the prime factors of 469194.
2, 3, 11, 7109
List the prime factors of 19737.
3, 17, 43
What are the prime factors of 5049807?
3, 7, 31, 7757
List the prime factors of 1340573.
13, 101, 1021
List the prime factors of 284759.
284759
List the prime factors of 360298.
2, 17, 10597
List the prime factors of 3625761.
3, 349, 3463
List the prime factors of 330119.
23, 31, 463
What are the prime factors of 1432124?
2, 358031
List the prime factors of 7261441.
11, 660131
What are the prime factors of 169451?
239, 709
List the prime factors of 164005.
5, 32801
What are the prime factors of 11577010?
2, 5, 1157701
What are the prime factors of 1026940?
2, 5, 51347
What are the prime factors of 1496462?
2, 11, 251, 271
List the prime factors of 37851.
3, 11, 31, 37
List the prime factors of 8185196.
2, 2046299
List the prime factors of 48943.
17, 2879
List the prime factors of 642242.
2, 317, 1013
List the prime factors of 544326.
2, 3, 257, 353
What are the prime factors of 590692?
2, 147673
List the prime factors of 22593947.
31, 728837
List the prime factors of 129404.
2, 11, 17, 173
List the prime factors of 6083153.
83, 73291
List the prime factors of 15973427.
2371, 6737
List the prime factors of 769789.
769789
What are the prime factors of 387229?
593, 653
List the prime factors of 5253366.
2, 3, 139, 6299
List the prime factors of 2622396.
2, 3, 7, 31219
What are the prime factors of 2143862?
2, 7, 153133
List the prime factors of 6248654.
2, 73, 127, 337
List the prime factors of 122450.
2, 5, 31, 79
What are the prime factors of 138277?
53, 2609
List the prime factors of 694844.
2, 271, 641
List the prime factors of 88696.
2, 11087
List the prime factors of 4453116.
2, 3, 17, 83, 263
List the prime factors of 196229.
11, 17839
List the prime factors of 76761.
3, 2843
What are the prime factors of 436514?
2, 13, 103, 163
What are the prime factors of 111681?
3, 12409
What are the prime factors of 341223?
3, 107, 1063
What are the prime factors of 30960?
2, 3, 5, 43
What are the prime factors of 34508934?
2, 3, 269, 7127
List the prime factors of 22684.
2, 53, 107
What are the prime factors of 210787?
101, 2087
What are the prime factors of 693756?
2, 3, 7, 2753
What are the prime factors of 1510369?
7, 215767
What are the prime factors of 3627637?
13, 173, 1613
What are the prime factors of 4129923?
3, 7, 196663
List the prime factors of 10192468.
2, 11, 13, 103, 173
What are the prime factors of 3565018?
2, 1782509
What are the prime factors of 196680?
2, 3, 5, 11, 149
List the prime factors of 563684.
2, 11, 23, 557
What are the prime factors of 462478?
2, 53, 4363
What are the prime factors of 423552?
2, 3, 1103
What are the prime factors of 382511?
382511
List the prime factors of 623504.
2, 7, 19, 293
What are the prime factors of 555531?
3, 185177
List the prime factors of 60058.
2, 30029
List the prime factors of 1765556.
2, 13, 19, 1787
What are the prime factors of 397597?
397597
List the prime factors of 472490.
2, 5, 37, 1277
List the prime factors of 135236.
2, 33809
What are the prime factors of 203347?
43, 4729
What are the prime factors of 11199403?
11199403
List the prime factors of 2411020.
2, 5, 120551
What are the prime factors of 1487149?
19, 29, 2699
List the prime factors of 457275.
3, 5, 7, 13, 67
What are the prime factors of 13317091?
13317091
What are the prime factors of 27873?
3, 19, 163
What are the prime factors of 12200807?
12200807
What are the prime factors of 192126?
2, 3, 11, 41, 71
What are the prime factors of 248025?
3, 5, 3307
What are the prime factors of 4635570?
2, 3, 5, 191, 809
What are the prime factors of 203054?
2, 101527
List the prime factors of 211191.
3, 17, 41, 101
What are the prime factors of 5081005?
5, 1016201
List the prime factors of 191177.
7, 31, 881
List the prime factors of 6103500.
2, 3, 5, 13, 313
List the prime factors of 339212.
2, 137, 619
List the prime factors of 318880.
2, 5, 1993
List the prime factors of 476508.
2, 3, 39709
List the prime factors of 3369776.
2, 23, 9157
List the prime factors of 14834257.
73, 203209
What are the prime factors of 23131737?
3, 353, 809
What are the prime factors of 14738232?
2, 3, 614093
List the prime factors of 874822.
2, 13, 33647
What are the prime factors of 250950?
2, 3, 5, 7, 239
What are the prime factors of 2164946?
2, 7, 59, 2621
List the prime factors of 586173.
3, 7, 103, 271
What are the prime factors of 9219402?
2, 3, 167, 3067
List the prime factors of 225730.
2, 5, 22573
List the prime factors of 8714456.
2, 907, 1201
List the prime factors of 152440.
2, 5, 37, 103
What are the prime factors of 18335301?
3, 23, 265729
What are the prime factors of 456022?
2, 7, 32573
What are the prime factors of 110915?
5, 7, 3169
List the prime factors of 148684.
2, 37171
List the prime factors of 282139.
11, 13, 1973
List the prime factors of 60955.
5, 73, 167
What are the prime factors of 19359262?
2, 13, 103, 7229
What are the prime factors of 16938290?
2, 5, 17, 5861
List the prime factors of 223547.
223547
List the prime factors of 4377952.
2, 136811
What are the prime factors of 3352222?
2, 1676111
What are the prime factors of 5127447?
3, 13, 73, 1801
List the prime factors of 2537250.
2, 3, 5, 17, 199
What are the prime factors of 168048?
2, 3, 389
What are the prime factors of 113959?
83, 1373
What are the prime factors of 467647?
19, 151, 163
List the prime factors of 71517.
3, 31, 769
List the prime factors of 4481298.
2,